 of a(v)?
1
Let f = 589 + -586. Suppose 9*r - 12*r + 3431 = -2*t, -3*r = f*t - 3426. What is the units digit of r?
3
Let f(d) = 4*d + 39. Suppose u - 5*a + 6 = 2, -5*u - 5*a = -40. Let j be f(u). Suppose v - j = 44. What is the hundreds digit of v?
1
Let l be 12/(-15)*(-3 + (-114)/(-3)). Suppose -3*u = -12, u - 201 = -5*c - 3*u. Let w = c + l. What is the units digit of w?
9
Let g(s) = 2027*s**2 + 130*s + 2. What is the thousands digit of g(-2)?
7
Suppose 4*q + 8 = 0, x - 2*x + q + 4 = 0. Suppose -3*d = 5*c - 235, x*d + 4 = -6. What is the units digit of (-1 - -11)*(-5)/c*-4?
4
Let s be (-37)/(-4) - 3/(-4). Suppose -3*b + b + 188 = 4*y, b - 49 = -y. Let l = y - s. What is the units digit of l?
5
Let x = 17 + -12. Suppose 4*c - 7*j - 13 = -4*j, j + 3 = c. Suppose -x*y + 3*p + 498 = -p, -y = c*p - 114. What is the tens digit of y?
0
What is the hundreds digit of (-190664)/(-26) - (-12)/(-52)?
3
Suppose -69330 = -4*z - 2*k, 50*k + 17355 = z + 55*k. What is the units digit of z?
0
Let u(w) = w**2 - 3*w + 478. Suppose 0 = 17*s - 4*s. What is the units digit of u(s)?
8
Let k(m) be the second derivative of m**5/20 + 4*m**4/3 + 2*m**3/3 + 5*m**2/2 + m + 9. What is the units digit of k(-15)?
0
Let j(g) be the third derivative of 41*g**4/8 + 5*g**3/6 - 6*g**2. What is the hundreds digit of j(3)?
3
Suppose -3*o - o - 4*r + 824 = 0, -5*o = 3*r - 1022. Let d = o - 36. What is the tens digit of d?
6
Let q(o) = 2676*o**3 - 2*o**2 - 6*o + 6. Let r be q(1). Let c = r - 1580. What is the hundreds digit of c?
0
Let t(y) = -y**3 - 2*y**2 + 4. Let g be t(-2). Suppose a = g*k - 595, -4*k - a + 272 + 325 = 0. What is the tens digit of k?
4
Let o(w) = -2*w + 44. Let r be o(19). Let f(m) = 26 - m - 22 + 56 - r*m. What is the tens digit of f(-17)?
7
Let y be (-12)/(-8)*((-9008)/(-6) - 0). Suppose y = 14*d - 1500. What is the hundreds digit of d?
2
Let g(b) = -1260*b - 12. Let l be g(-1). Suppose 5*w - l = w. What is the hundreds digit of w?
3
Let m(n) be the third derivative of n**4/24 + 211*n**3/6 + 3*n**2. Let u = 72 - 72. What is the hundreds digit of m(u)?
2
Let x be (3 - (-9)/(-3)) + 3. Suppose -3*y - 2337 = -6*y + x*k, 0 = -2*y + k + 1557. Suppose 0 = -3*a + y - 289. What is the hundreds digit of a?
1
What is the tens digit of 280/35*(3 + 9415/4)?
5
Suppose 5*m = -5*a + 90, 5*m + 8*a - 4*a = 88. Let y = -1731 + 3638. Suppose -y - 829 = -m*d. What is the tens digit of d?
7
Let k(u) = -u**3 + 6*u**2 - 2*u + 14. Let v be k(7). Let b = v - -79. Let q = -12 + b. What is the tens digit of q?
1
Suppose 16*d = 3*p + 18*d - 11, 0 = d - 1. Suppose -3*r + 86 = 2*q, -98 = -p*q + 2*r + 44. What is the tens digit of q?
4
Suppose -11*j = -94 - 258. What is the tens digit of 538 + (3/(-4))/((-12)/j)?
4
Let m be 406 - (3 - 5) - 4. Let a = -241 + m. What is the hundreds digit of a?
1
Let w(q) = q**2 - 12*q + 20. Let k be 1/((4/14)/2). Let z be w(k). What is the tens digit of (-1405)/z - (-8)/(-12)?
9
Let o be (42/(-11) - -4) + 788/22. Suppose 0 = o*m - 31*m - 1305. What is the hundreds digit of m?
2
Let w(s) = 8*s + 290. Let n be w(-36). Suppose n*d + 668 = 2790. What is the units digit of d?
1
Suppose 0 = -2*n, -53087 = -3*r + 3*n + 152896. What is the thousands digit of r?
8
Suppose -19 = -s + 2*r, -8*s + 3*s + 5*r + 70 = 0. What is the tens digit of (16/s + 2)*9?
3
Let x(u) = -u**2 + 6*u - 5. Let v be x(1). Let s = -7 + 6. What is the tens digit of (v - -4)*(s + 12)?
4
Let w be 67/(0 - (-1)/3) + 0. Let z = 433 - w. What is the hundreds digit of z?
2
Let l(c) = -c**3 + 17*c**2 + 15*c + 56. Let j be l(18). Suppose -7*s = j*s - 5031. What is the tens digit of s?
5
Let b = 22338 + -8478. What is the thousands digit of b?
3
Let c be (-3)/(-2)*(2 - 6). Suppose -21*t - 59 + 38 = 0. What is the units digit of ((-45)/c)/(t/(-10))?
5
Let b = 218 - 216. Suppose 4499 = 4*w - o, b*o = 7 + 3. What is the thousands digit of w?
1
Let j(n) = 445*n - 188. What is the units digit of j(19)?
7
What is the tens digit of -19838*(-54)/945*(-10)/(-4)?
3
Suppose 0 = 2*q - 3 - 7. Suppose -522 = -8*a + 7*a + d, -q*a = -3*d - 2606. What is the units digit of a?
0
Let r = 65 - 68. What is the tens digit of (-62)/r + ((-88)/24)/(-11)?
2
Let h(f) = 310*f**2 + 16*f - 108. What is the units digit of h(-7)?
0
Let y = -104 - -108. Suppose -5*p + 265 = y*d + d, -215 = -4*d - 3*p. What is the units digit of d?
6
Let v be (-12)/(-126)*7*1*-3. What is the units digit of v - (-1 + -3)*(7 - -4)?
2
Let o = 29 - 14. What is the units digit of 1885/o - (-5)/(-3)?
4
What is the hundreds digit of 1071/(-34)*1668/(-10) - 2/10?
2
Let g = 668 + 2544. Suppose g = 4*w - c, w - c - 803 = -0*c. What is the tens digit of w?
0
Suppose -105*y + 2664 = -104*y + i, 2*i = 5*y - 13313. What is the units digit of y?
3
Suppose 5*h - 6919 = 741. Suppose -h = -6*q + 238. What is the units digit of q?
5
Suppose 20*c + 964497 = 77*c. What is the tens digit of c?
2
Suppose 5*r + 2*b = 14512, 0 = -11*r + 4*b - b + 31956. What is the units digit of r?
4
What is the units digit of 16/48*57 - -12043?
2
Let s = 6 + 7. Let m(w) = w**3 - 13*w**2 + 2. Let a be m(s). Suppose 3*u + a*k = 386, 2*k = -5*u + 518 + 120. What is the hundreds digit of u?
1
Let g = -29084 + 55044. What is the thousands digit of g?
5
What is the ten thousands digit of (9 - 1040/117) + 1066540/45?
2
Suppose -95947 - 162165 = -37*r. What is the thousands digit of r?
6
Let f(s) = 270*s + 455. What is the tens digit of f(20)?
5
Suppose 2*o - 2*z = 9638, -82*o - 4813 = -83*o + 3*z. What is the tens digit of o?
2
Suppose -10454 = -6*j - 3596. Suppose -3*q + 6*q - j = 0. What is the hundreds digit of q?
3
Let v(k) = -k + 2. Let y be v(1). Let z be (2/(-5))/(y/(-985)). Suppose -2*s - 3*d = -z, -14*s = -9*s - 3*d - 985. What is the tens digit of s?
9
Suppose 0 = -40*v + 66807 + 215833. What is the hundreds digit of v?
0
Let l(h) = h**2 + 13*h + 23. Let a be l(-11). Let w be (2 + -7)*(a + 3/5). What is the tens digit of 45 + ((-16)/10)/(w/(-20))?
4
Let j = -213 + 226. What is the hundreds digit of 5640/j - ((-75)/65 - -1)?
4
Let q be 0/(3/(-4) - (-9)/(-36)). Suppose 0 = -4*w + l + 6, -3*l + 8 = w - q*l. Suppose -w*i + 11*i - 1323 = 0. What is the hundreds digit of i?
1
Suppose 17*m - 7 = 18*m. Let r(y) = -25*y - 42. What is the hundreds digit of r(m)?
1
What is the ten thousands digit of ((-72)/(-48))/(18/4) - (-205433)/3?
6
Suppose -123*a - 96*a + 2770850 + 686941 = 0. What is the ten thousands digit of a?
1
Let l = 14 - 8. Suppose l*v - 3680 = -2*v. What is the units digit of v?
0
Let l be 13 - ((-3 - 0) + -1). Suppose -15*v = -l*v + 6. What is the tens digit of ((-332)/(-6))/(2/v)?
8
Suppose 5*a - a + 24 = 0. What is the hundreds digit of -83*(a/18)/(3/18)?
1
Suppose 144 = -5*i - 4*w, 4*i + 3*w + 116 = -0*w. Let a = 102 + i. Suppose a + 90 = p. What is the hundreds digit of p?
1
Let g = 25431 + -5611. What is the hundreds digit of g?
8
Let c = -10574 + 41541. What is the thousands digit of c?
0
Suppose -4*o + 21901 = 10485. What is the units digit of o?
4
Let p(u) = u - 8. Let w(y) = -y - 10. Let r be w(-12). Suppose -3*i - 3*b = -45, -r*i - 4*b = -b - 35. What is the units digit of p(i)?
2
Suppose -8*a - 187*a = -2587260. What is the tens digit of a?
6
Let f be (-10)/(-6)*(-1 + 4). Let v(o) = -5*o**2 + 7*o - 9. Let r be v(f). Let z = -63 - r. What is the units digit of z?
6
Suppose -3*r - 4*i = 2*r - 9781, r = 5*i + 1991. What is the tens digit of r?
6
Let i = 14 + -12. Let o(g) = 10*g - 5. Let z be o(i). Let y = z + 15. What is the tens digit of y?
3
Suppose 86*r = 492769 + 567525. What is the units digit of r?
9
Let k be (-8 + -32)/((-2)/26). Suppose k - 1944 = -4*u. What is the hundreds digit of u?
3
Suppose 32 - 104 = -3*p. What is the hundreds digit of (-2)/8 + (7206/p - 4)?
2
Let j(m) = -37*m + 23. Let c be (-2600)/160 + 3/(-4). Let o be j(c). Let l = o - 386. What is the hundreds digit of l?
2
What is the ten thousands digit of 31129/3 + -4*14/168?
1
Suppose 5*g + 901 = 4*z, g = -4*z + 2*g + 897. Let o = -476 + 479. Suppose -c - 2*m = o*m - z, -4*c + 2*m + 962 = 0. What is the units digit of c?
9
Suppose 0 = 4*m - 4*p - 50800, -8 = 4*p - 36. What is the hundreds digit of m?
7
Let p = 89558 - -4360. What is the thousands digit of p?
3
Suppose 0 = -12*f - 65 + 2081. What is 